ctor of 1927?
False
Is 5355 a multiple of 9?
True
Does 11 divide 202?
False
Is 612 a multiple of 10?
False
Is 4 a factor of 5912?
True
Is 7 a factor of 557?
False
Does 51 divide 4712?
False
Is 725 a multiple of 29?
True
Does 22 divide 792?
True
Does 13 divide 26983?
False
Is 32850 a multiple of 10?
True
Does 13 divide 118368?
False
Does 32 divide 1376?
True
Does 70 divide 560?
True
Is 104 a factor of 60112?
True
Does 55 divide 6655?
True
Is 295 a multiple of 10?
False
Is 56 a factor of 6608?
True
Is 20 a factor of 440?
True
Is 5311 a multiple of 22?
False
Is 9 a factor of 15039?
True
Is 28194 a multiple of 381?
True
Is 40 a factor of 23040?
True
Does 108 divide 10260?
True
Does 10 divide 223?
False
Does 9 divide 1729?
False
Is 3204 a multiple of 12?
True
Is 40 a factor of 3166?
False
Is 5973 a multiple of 11?
True
Does 41 divide 11819?
False
Is 24 a factor of 22858?
False
Is 34 a factor of 44846?
True
Is 51 a factor of 2958?
True
Is 2130 a multiple of 40?
False
Is 500 a multiple of 20?
True
Does 5 divide 6760?
True
Is 464 a multiple of 29?
True
Is 1888 a multiple of 16?
True
Is 7156 a multiple of 12?
False
Does 26 divide 15132?
True
Does 5 divide 230?
True
Is 25 a multiple of 16?
False
Is 46 a factor of 2149?
False
Does 3 divide 649?
False
Is 179 a factor of 34547?
True
Does 136 divide 52782?
False
Does 3 divide 91?
False
Does 15 divide 816?
False
Is 6135 a multiple of 15?
True
Is 12225 a multiple of 27?
False
Is 1897 a multiple of 32?
False
Is 5 a factor of 16250?
True
Is 19877 a multiple of 139?
True
Is 20 a factor of 1605?
False
Is 6072 a multiple of 11?
True
Is 14 a factor of 1680?
True
Is 20160 a multiple of 224?
True
Is 15264 a multiple of 96?
True
Is 8320 a multiple of 32?
True
Does 152 divide 51224?
True
Is 26 a factor of 12002?
False
Is 11 a factor of 42548?
True
Does 222 divide 26196?
True
Is 6150 a multiple of 111?
False
Is 668 a multiple of 76?
False
Is 4 a factor of 1748?
True
Is 504 a multiple of 12?
True
Is 3 a factor of 971?
False
Is 21 a factor of 690?
False
Is 139 a multiple of 2?
False
Is 25 a factor of 650?
True
Does 10 divide 19684?
False
Is 61 a factor of 3355?
True
Is 53 a factor of 583?
True
Is 3536 a multiple of 4?
True
Is 31360 a multiple of 56?
True
Is 5 a factor of 2145?
True
Is 6 a factor of 1542?
True
Is 2 a factor of 132?
True
Is 2591 a multiple of 21?
False
Is 61 a multiple of 14?
False
Does 6 divide 1398?
True
Is 73 a factor of 2201?
False
Is 26677 a multiple of 37?
True
Is 1088 a multiple of 32?
True
Is 1882 a multiple of 12?
False
Does 15 divide 335?
False
Is 8 even?
True
Is 48 a factor of 14295?
False
Is 5502 a multiple of 21?
True
Does 44 divide 1502?
False
Is 2519 a multiple of 51?
False
Does 28 divide 1736?
True
Is 102 a factor of 315?
False
Is 28976 a multiple of 138?
False
Does 3 divide 513?
True
Does 40 divide 11061?
False
Is 1710 a multiple of 38?
True
Is 8775 a multiple of 55?
False
Does 12 divide 16932?
True
Does 19 divide 15523?
True
Does 2 divide 36?
True
Is 4190 a multiple of 83?
False
Is 2919 a multiple of 62?
False
Is 39 a factor of 139?
False
Does 2 divide 317?
False
Is 2 a factor of 1118?
True
Is 13 a factor of 26?
True
Does 26 divide 95881?
False
Is 244 a factor of 26885?
False
Is 3509 a multiple of 121?
True
Does 10 divide 129?
False
Is 864 a multiple of 36?
True
Does 17 divide 238?
True
Is 32520 a multiple of 20?
True
Is 12232 a multiple of 8?
True
Does 73 divide 4572?
False
Is 43880 a multiple of 10?
True
Does 210 divide 2310?
True
Does 81 divide 4598?
False
Is 918 a multiple of 18?
True
Is 272 a multiple of 13?
False
Does 29 divide 2216?
False
Does 10 divide 1410?
True
Is 52 a factor of 128?
False
Is 249 a multiple of 4?
False
Does 35 divide 2095?
False
Is 436 a multiple of 4?
True
Is 962 a multiple of 13?
True
Is 20 a factor of 4130?
False
Is 76 a factor of 6395?
False
Is 2723 a multiple of 95?
False
Is 928 a multiple of 17?
False
Is 75 a factor of 3675?
True
Is 39095 a multiple of 7?
True
Does 6 divide 1566?
True
Does 138 divide 5244?
True
Does 60 divide 2640?
True
Does 21 divide 90?
False
Does 16 divide 608?
True
Is 18096 a multiple of 87?
True
Does 48 divide 89376?
True
Does 28 divide 1596?
True
Is 14 a factor of 619?
False
Does 24 divide 9048?
True
Is 7933 a multiple of 39?
False
Is 1153 a multiple of 5?
False
Is 115 even?
False
Is 11 a factor of 556?
False
Is 40204 a multiple of 40?
False
Is 43 a factor of 9854?
False
Is 18 a factor of 9450?
True
Does 6 divide 18193?
False
Does 4 divide 1624?
True
Is 2187 a multiple of 27?
True
Is 47 a factor of 32163?
False
Is 13 a factor of 1963?
True
Does 12 divide 9108?
True
Is 128 a factor of 4687?
False
Is 290 a multiple of 10?
True
Is 1777 a multiple of 33?
False
Does 21 divide 363?
False
Is 520 a multiple of 32?
False
Does 17 divide 911?
False
Does 23 divide 1679?
True
Is 13 a factor of 910?
True
Is 846 a multiple of 18?
True
Does 11 divide 1683?
True
Is 123 a factor of 20999?
False
Does 44 divide 4627?
False
Does 19 divide 191484?
False
Is 2185 a multiple of 95?
True
Does 16 divide 5104?
True
Is 14 a factor of 97?
False
Does 9 divide 2986?
False
Is 2 a factor of 138?
True
Is 17154 a multiple of 31?
False
Is 24311 a multiple of 151?
True
Does 9 divide 131?
False
Is 454 a multiple of 16?
False
Does 29 divide 957?
True
Does 14 divide 222?
False
Is 2201 a multiple of 71?
True
Is 76 a factor of 1368?
True
Is 1055 a multiple of 16?
False
Is 39 a factor of 13027?
False
Is 3374 a multiple of 7?
True
Is 6223 a multiple of 36?
False
Does 59 divide 25748?
False
Is 59024 a multiple of 272?
True
Is 12851 a multiple of 67?
False
Is 7 a factor of 1365?
True
Does 5 divide 2365?
True
Is 1498 a multiple of 40?
False
Is 280 a multiple of 5?
True
Is 84613 a multiple of 191?
True
Is 62 a factor of 744?
True
Is 4446 a multiple of 38?
True
Is 8 a factor of 38176?
True
Does 17 divide 136?
True
Is 8 a factor of 560?
True
Is 90 a multiple of 30?
True
Is 8 a factor of 348?
False
Does 14 divide 52122?
True
Is 2705 a multiple of 5?
True
Does 13 divide 20961?
False
Is 2 a factor of 13775?
False
Is 5126 a multiple of 22?
True
Is 4 a factor of 421?
False
Is 12 a factor of 186562?
False
Does 18 divide 3744?
True
Does 2 divide 409?
False
Is 277 a multiple of 25?
False
Is 2 a factor of 137?
False
Is 173 a factor of 65975?
False
Is 14819 a multiple of 89?
False
Is 10 a factor of 23760?
True
Is 21 a factor of 62016?
False
Is 29330 a multiple of 8?
False
Does 31 divide 3652?
False
Is 67 a factor of 1465?
False
Is 13 a factor of 26?
True
Is 44 a factor of 20588?
False
Does 7 divide 151?
False
Does 70 divide 903?
False
Is 73 a factor of 4814?
False
Does 76 divide 8512?
True
Is 118 a factor of 32096?
True
Does 13 divide 8798?
False
Is 51 a factor of 28530?
False
Is 49 a factor of 94160?
False
Does 84 divide 22729?
False
Is 1498 a multiple of 80?
False
Is 1504 a multiple of 32?
True
Does 18 divide 2186?
False
Does 14 divide 19757?
False
Does 78 divide 11345?
False
Is 30 a factor of 2340?
True
Is 931 a multiple of 15?
False
Is 11088 a multiple of 22?
True
Does 18 divide 1665?
False
Does 41 divide 1257?
False
Does 41 divide 12915?
True
Is 96 a multiple of 16?
True
Is 7120 a multiple of 20?
True
Does 19 divide 2363?
False
Does 18 divide 183?
False
Is 58 a factor of 670?
False
Is 4062 a multiple of 21?
False
Is 2016 a multiple of 16?
True
Is 44812 a multiple of 68?
True
Is 17 a factor of 61098?
True
Does 121 divide 29077?
False
Is 3043 a multiple of 34?
False
Is 6 a factor of 798?
True
Is 14280 a multiple of 42?
True
Is 5389 a multiple of 11?
False
Is 27 a factor of 2594?
False
Does 68 divide 106488?
True
Is 11 a factor of 114?
False
Is 97 a factor of 6027?
False
Is 11 a factor of 261?
False
Does 2 divide 56?
True
Is 9 a factor of 63023?
False
Is 29 a factor of 7395?
True
Does 14 divide 1212?
False
Is 660 a multiple of 10?
True
Does 17 divide 2788?
True
Is 6643 a multiple of 20?
False
Does 17 divide 941?
False
Is 96325 a multiple of 32?
False
Is 10469 even?
False
Is 1048 a multiple of 131?
True
Does 18 divide 60839?
False
Does 4 divide 2680?
True
Is 27072 a multiple of 192?
True
Does 9 divide 42201?
True
Does 76 divide 81016?
True
Is 41 a factor of 287?
True
Is 21 a factor of 15897?
True
Is 89 a factor of 19224?
True
Does 59 divide 42244?
True
Does 16 divide 962?
False
Is 109 a m